b).
5
Let w(u) be the second derivative of u - 3/2*u**2 + 1/12*u**4 + 7/6*u**3 + 0. Let i = 8 - 15. What is w(i)?
-3
Let v be 14/4*(-204)/(-56)*(-64)/(-24). Let l(n) be the first derivative of -v + 3/2*n**2 + 3*n. Calculate l(5).
18
Let y(r) = r - 3. Let t = 520 - 519. Let u be (4 + t)*(5 - (-62)/(-10)). Determine y(u).
-9
Suppose 28 + 13 = 2*u - s, -5*u + 100 = -2*s. Suppose -4*y - 12 = 0, h - 30*y = -25*y + u. Let m(p) = -p**3 + 3*p**2 - p - 3. Give m(h).
-6
Let n(b) = -151*b**2 + b + 2. Let c(y) = 277*y**2 - 2*y - 4. Let j(t) = -6*c(t) - 11*n(t). What is j(-6)?
-40
Let t(b) be the third derivative of 17*b**4/12 - 6*b**2. Let j(q) = q**3 - 2*q**2 + 2*q - 39. Let g be j(4). Calculate t(g).
34
Suppose 13 = 3*j - w, -w = j - 3 - 0. Let o(x) = -11*x + j - 5 + 13*x. Calculate o(5).
9
Let j(q) = 7*q**2 + 32*q + 5. Let a = 18503 + -18508. Calculate j(a).
20
Suppose 4*p + k = 7, -5*k + 6 = -5*p + 46. Let w(f) be the third derivative of f**6/120 - f**5/30 - f**4/8 + f**3/2 - 19*f**2. What is w(p)?
3
Suppose 26*k - 8 + 22 - 66 = 0. Let n(y) = -32*y**2 + 6*y - 6. Give n(k).
-122
Let m(s) = -s**3 + 5*s**2 + s - 8. Suppose -3*d + 4 = -2*w, 66*w + 4*d - 8 = 68*w. What is m(w)?
12
Let u(i) = 21*i + 276. Let a be u(-13). Let r(w) = w**3 - w + 4. Give r(a).
28
Let k(z) = -z**2 + 19*z - 82. Let r be k(7). Let v(h) = 8 + 475*h**2 - 7*h - 13*h + 6*h - 476*h**r. Calculate v(-14).
8
Suppose 0*l - 3*l + 3*h = -27, -5*l = -2*h - 57. Let d = 8 - l. Let q(m) = m**3 + 5*m**2 + 2*m + 1. Give q(d).
-9
Let c(a) be the third derivative of 0*a + 1/12*a**4 + 8 - 4*a**2 + 7/6*a**3. What is c(-5)?
-3
Let o(b) = b**2 + 27*b - 20. Let m be o(-13). Let u = 196 + m. Let g(h) = 4*h + 6. What is g(u)?
-18
Let d(z) be the second derivative of -z**2 - 1/2*z**3 + 5 + 8*z. Calculate d(-2).
4
Let y(v) = v - 3. Let d(s) = s - 6. Let t be d(-12). Let l = t - -23. Suppose 11 = 4*w - l. Determine y(w).
1
Let h(r) = -r + 1. Let t be (-70 - -62)*(-14)/(-8). Determine h(t).
15
Let q(f) be the first derivative of -f**2 - 17*f + 2. Let j be q(-6). Let c(t) be the first derivative of -t**2 + 6*t - 59. Determine c(j).
16
Let r(i) = i**3 + 7*i**2 + 14*i + 5. Suppose -4*b - 2*s = 28, -2*b + 237*s = 235*s + 8. What is r(b)?
-43
Let s(y) = -4*y**2 + 13*y + 4. Suppose -2*v - 41*d + 36*d + 16 = 0, 2 = d. Determine s(v).
7
Let l(g) be the first derivative of g**7/210 - g**6/180 + 4*g**3 + g - 95. Let p(c) be the third derivative of l(c). Calculate p(2).
24
Let b be 1*6/(-3)*(-100)/8. Suppose -20*a = -b*a + 30. Let s(k) be the first derivative of k**4/4 - 2*k**3 - 2*k**2 + 4*k - 3. Determine s(a).
-20
Let f(p) = 2*p - 3. Let w be 5*(-1 - (-8)/5). Let y(i) = -4*i + 6. Let n(o) = w*f(o) + 2*y(o). Calculate n(1).
1
Let k(g) = g**3 - g**2 - g + 8. Let p = 3 - -3. Let f be 138/33 - ((-8)/44)/(-1). Suppose p*i = f*i. What is k(i)?
8
Let l = -245 + 247. Let y(f) be the first derivative of -11 - 1/3*f**3 + 0*f**l + f. Calculate y(2).
-3
Let r(g) = -12*g - 5. Let j be r(-1). Suppose -j*u + 12 = -u. Let n(q) = 5*q**2 - 8*q**3 - 8*q**u + 5*q**2 - q + 0*q**2. What is n(1)?
-7
Suppose -12*z = -7*z + 10, 4*v + 4*z = 72. Let u be 7 + 72/v*-5. Let b(y) = -y + 11. Calculate b(u).
22
Let h(g) = g**2 + 9*g - 8. Let n = 7 + -5. Suppose -4 = -2*c, 0 = 2*k + n*k - 4*c - 232. Suppose k = 12*b - 18*b. Give h(b).
2
Let n(x) = -15*x. Let y(s) = -7*s. Let t(c) = 6*n(c) - 13*y(c). Let z be ((-2)/5)/(37/555). Determine t(z).
-6
Let g(i) = -i**2 - 6*i + 5. Suppose -8 = -5*n + 17. Suppose -2*f + 5*o - 8 = 13, 4*o = -5*f + 30. Let q be (-1 - (f - 4))/(n/(-30)). Determine g(q).
5
Let f(a) = 3*a**2 + 14*a + 9. Let i(v) = v**2 + v + 2. Let l(z) = f(z) - 2*i(z). Suppose -12*p + 42 = 126. Give l(p).
-30
Let z(c) = -26*c + 39*c - 18*c + 1 + 2*c**3 - 5*c**2 - 3*c**3. Let k be z(-3). Let f(d) = d + 1. Give f(k).
-1
Let g(o) = 9 - 106*o**2 - 103*o**2 + 418*o**2 - 108*o**2 - 100*o**2 + 3*o. What is g(-8)?
49
Let n be -2 + (-5 + -1)*(-8)/24. Suppose 11*r - 24 = 7*r + 2*c, 3*r + 3*c = n. Let x(a) = 2*a**3 - 5*a**2 - 5*a + 5. Give x(r).
33
Suppose 474*g = 489*g. Let r(p) = -2 - 3*p + 4*p - 13. Give r(g).
-15
Let n(b) = -9*b**3. Let f be n(-1). Let h(w) = w**3 + 12*w**2 + 11*w - 10. Let j(o) = o**3 + 9*o**2 + 10*o - 10. Let a(v) = -6*h(v) + 7*j(v). Determine a(f).
26
Let n(p) be the second derivative of p**4/12 + 4*p**3/3 + 4*p**2 + 10*p + 12. Let j(c) = -3*c + 1. Let b be 9*(40/12 - 3). Let m be j(b). What is n(m)?
8
Let q(i) = 2*i**3 + 18*i**2 + 10*i - 43. Let g be q(-8). Let h(a) = -a**2 - 5*a - 1. Calculate h(g).
-51
Let p(w) = -14*w**2 - 6*w + 23. Let m(x) = 22*x**2 + 10*x - 36. Let u(l) = 5*m(l) + 8*p(l). Let y(h) = 4*h**2 - h - 1. Let v be y(-1). Give u(v).
-20
Let j(k) = -27*k - 2. Suppose 204*i - 23*i - 362 = 0. What is j(i)?
-56
Let l be -5 + 0 + (-600)/(-40). Suppose 4*w - 4*f = 20, 3*w - w = -f + l. Let g(h) = 3*h + 1 + h**3 - h - 6*h**2 + 5*h. Determine g(w).
11
Let g(s) = 2*s - 54. Let h(n) = -n + 4. Let v(o) = g(o) + h(o). Determine v(27).
-23
Let l(w) = -w**3 - 7*w**2 - 4*w. Let t be l(-6). Suppose -13*b - 109 = -70. Let a be b/t*-14*(-8)/14. Let o(g) = g**3 - 2*g**2. Determine o(a).
0
Let y(p) be the third derivative of -p**6/120 - p**5/4 - p**4/6 - 11*p**3/3 + 2473*p**2. Give y(-15).
38
Let g(z) = -7*z - 13. Let i be g(-2). Let o(l) = -15 - i - l + 14. Calculate o(3).
-5
Let n be -4*1/3*(-109503)/2116. Let v be (-2 + -142)*(-2)/4. Let c = v - n. Let l(b) = -b**2 - b + 3. Give l(c).
-9
Let n(p) be the first derivative of p**4/4 - 5*p**3/3 - 4*p**2 + 9*p - 169. Let q be ((-45)/(-20))/(9/24). Give n(q).
-3
Let y(z) = 3*z**3 + z. Let i = 1009 - 1644. Let r = 636 + i. Calculate y(r).
4
Let k(o) = 3*o**2 - 5*o - 4. Let c(l) = -4*l**2 + 6*l + 5. Let y(m) = -6*c(m) - 7*k(m). Suppose 0 = -8194*f + 8066*f - 256. Calculate y(f).
12
Suppose 3*y = -2*b - 6, b + 9*y = 13*y + 19. Let l(z) = 127 + 4*z**2 + 7*z**2 - 15*z + 127 + z**b - 235 + 4*z**2. Determine l(-16).
3
Let u(v) = 9*v**3 + v**2 - 7*v - 13. Suppose 9*b = 114 - 132. Give u(b).
-67
Let y = -352 + 359. Let n(q) = -7*q + 5*q + q + 2*q - 11. Give n(y).
-4
Let a(v) = 2*v - 38. Let i = 11069 + -11051. Determine a(i).
-2
Let f(n) = -n + 3. Let s(k) = -k - 5. Let c(y) = -3*y + 6*y + 14 - y - 10. Let t(q) = -4*c(q) - 5*s(q). Let x(a) = 11*f(a) - 4*t(a). Give x(5).
2
Let a(l) = -l**3 - l**2 + 22*l - 8. Let u be a(-10). Let r = 682 - u. Let i(y) = 3*y - 2. Give i(r).
28
Let m(r) = -6*r + 42. Let a be 10 - -2*(-9)/6. Let o be m(a). Let c(d) = d**2 + d - 35. Determine c(o).
-35
Let y = 7 - -6. Suppose -5*m = 2*z - 0*m - 14, -z + y = 4*m. Let i(t) = -12 - 2*t - 7 + 23. Calculate i(z).
10
Let u(d) be the second derivative of 7*d**3 + 4*d**2 + 38*d. Let i be u(3). Let v(j) = -i*j - 139*j + 269*j. What is v(1)?
-4
Suppose -4*v = -4*n - 884, 227 = -12*n + 11*n + 3*v. Let o = 219 + n. Let b(l) = 5*l**3 - 2*l**2 + l. Determine b(o).
4
Suppose 0 = 29*d + 33*d + 124. Let s(f) = 5*f**3 - 4*f**2 + 6*f - 2. Let c(l) = l**3 - l**2 + l - 1. Let q(t) = -4*c(t) + s(t). Determine q(d).
-10
Let z(y) = -2*y. Suppose -2*p + 0*n - n = 29, 3*p = -4*n - 46. Let c be p/(-6) - 3 - (-39)/(-9). Determine z(c).
10
Let s(f) be the third derivative of f**4/8 + 1498*f**2. Determine s(0).
0
Let z(b) be the third derivative of -b**5/60 - 7*b**4/4 - 91*b**3/6 + 1167*b**2 - 2. Give z(-40).
-11
Let s(h) be the second derivative of h**4/12 + 8*h**3/3 - 7*h**2/2 - 537*h. What is s(-17)?
10
Let h be (-5 - (-82)/16) + (-756)/(-96). Let s(j) = -j**3 + 8*j**2 - 2*j + 17. Give s(h).
1
Let n be (3 + (-1752)/16)*4. Let t = 423 + n. Let b(l) = l**3 + 2*l**2 + 2*l + 2. Give b(t).
-13
Suppose -4*j = 5*y - 40, -3*y + 6*y + 3*j - 27 = 0. Let s(h) = 3 - 11*h + 9*h - y. Determine s(3).
-7
Let m(a) = 3*a - 14. Let h(b) = -b**2 + 2*b - 1. Let q(g) = 2*h(g) + m(g). What is q(2)?
-10
Let o(b) = -9*b + 31. Let n(d) = 19*d - 67. Let l(u) = 6*n(u) + 13*o(u). Let h = 1 - -1. Let m(i) = i**3 - i**2. Let c be m(h). What is l(c)?
-11
Let t(z) be the third derivative of 0 - 1/24*z**4 - 22*z**2 + 0*z - 4/3*z**3. Give t(-8).
0
Let t(m) = 2*m**2 + 26*m + 39. Let f(k) = -6*k**2 - 314*k - 115. Let w be f(-52). Calculate t(w).
-5
Let b(o) = -2*o**3 - 7*o**2 + 14*o + 13. Suppose 4*y + 5*u = -35, -24*u = -23*u + 3. Determine b(y).
18
Let k(t) = t**2 + 9*t - 7. Sup